5*s + 2*p. Suppose 2*j - 4*m - 19 = 77, 0 = j + 3*m - 53. What is the highest common divisor of s and j?
25
Let r = -147 - -66. Let f = r + 104. Suppose -25*k + f*k + 24 = 0. Calculate the highest common divisor of 24 and k.
12
Suppose -43*y + 750619 = 8*y + 135355. Calculate the highest common divisor of y and 348.
116
Suppose 9 + 41 = 2*b. Suppose -17 = y + 5*j, -b = 3*j + 2*j. Let x(v) = v**2 - 5*v - 16. Let p be x(13). What is the highest common factor of y and p?
8
Suppose -k - 6*f + f = -49, f = -4*k + 101. What is the greatest common factor of 184 and k?
8
Let x be 1 - -52 - (-31 + 39). Let s = 538 - 193. What is the greatest common factor of x and s?
15
Let d(x) = -x**2 + 5*x + 1413. Let r be d(0). Suppose r = 18*l - 783. What is the highest common divisor of l and 2?
2
Suppose 2*c - 216 = -2*d, -110 = -4*d - 102. Calculate the highest common factor of c and 142.
2
Suppose -20475 = -37*m + 3834. What is the highest common factor of 7446 and m?
219
Let u be (-5 + -11)/((-7)/245). Calculate the greatest common divisor of 5 and u.
5
Let o be (-26 - 1)/((-30)/(-80)). Let a = o - -76. Suppose -3*m + 3*g = -30, 2*m - 11 - 13 = a*g. What is the greatest common factor of 8 and m?
8
Let f be 1*0*(-7 - -3 - -5). Suppose 225*a - 228*a + 30 = f. Calculate the greatest common factor of 20 and a.
10
Suppose b = -4*h + 1826, -b + 16*h + 1802 = 14*h. Suppose -5*y + 2*m + b = 0, -y - y + 743 = 3*m. Calculate the greatest common factor of y and 14.
14
Suppose -4*g - 36 = -n, 0 = -10*n + 63*g - 59*g + 360. Calculate the highest common factor of 9684 and n.
36
Suppose -5*d = 2*m - 428, -4*d + 316 = -9*m + 4*m. Calculate the greatest common divisor of 4928 and d.
28
Let k(h) = h**3 + 7*h**2 - 15*h + 27. Let i be k(-9). Suppose i = -2*j - 14 + 46. What is the highest common factor of j and 12?
4
Suppose -3*d + 5*p - 1987 = -5585, 3*p - 12 = 0. What is the greatest common divisor of 63 and d?
9
Let t = -567 + 571. Suppose 72 + 0 = 6*i. What is the greatest common factor of t and i?
4
Let x = 24 + -30. Let m(a) = -40*a + 39. Let l be m(x). Calculate the greatest common divisor of l and 31.
31
Suppose -t - 28*u + 31*u + 133 = 0, 4*t = 4*u + 492. What is the greatest common factor of 5251 and t?
59
Let p be (-15)/(-330)*-11 + 23/2. Calculate the greatest common factor of 32 and p.
1
Suppose -40*s - 30 = -45*s, 882 = 3*t + 3*s. What is the highest common factor of t and 1368?
72
Let z(n) = -n**2 - 42*n - 232. Let y be z(-23). Let p = -1 + 6. Suppose y = p*k + 35. Calculate the greatest common divisor of 51 and k.
17
Let i(r) = 207 + 323 - 822 - 56*r. Let u be i(-6). What is the greatest common factor of 1 and u?
1
Suppose 0 = -k - r + 372, 28*k + 3*r - 3360 = 19*k. What is the greatest common factor of k and 77?
11
Suppose 222*m - 65*m = -59*m + 74304. What is the greatest common factor of 473 and m?
43
Suppose -22*j = -23*j + 63. Suppose 40 = 6*b - 44. Calculate the highest common divisor of b and j.
7
Let d = 6074 - 4049. Calculate the greatest common factor of d and 81.
81
Let o(w) = 2*w**2 - 4*w + 4. Let d be o(0). Suppose -k + d*f - 11 + 110 = 0, 595 = 5*k + 5*f. What is the greatest common factor of k and 5?
5
Suppose -x = -2*u + 5*u - 8218, 10936 = 4*u - 4*x. Calculate the highest common factor of 296 and u.
74
Let j(u) = 9*u - 4. Let o be j(1). Let r be o - (0 - 3 - -2). Suppose r*y = 3*y + 264. Calculate the greatest common factor of y and 8.
8
Let o be 0 + (-1 - -1) - -230. Suppose 156*s - 67727 = -920*s + 31265. Calculate the greatest common factor of o and s.
46
Let k be 3/((-4)/(-6) - 11/30). Suppose -5*l = -2 - 13. Suppose 3*m - l*s - s = k, -2*m + s = -15. Calculate the greatest common divisor of m and 5.
5
Suppose 45*z + 4*d = 47*z - 19848, 3*z - 3*d - 29754 = 0. What is the greatest common divisor of z and 504?
168
Let h be 0 + -19 + 14 + 357. What is the highest common factor of h and 484?
44
Let w(p) = -2*p**2 - 7*p - 4. Let a be w(-4). Let q be (-78)/a + 2 - 1/(-4). Calculate the highest common divisor of 48 and q.
12
Suppose 5*p - 5*z - 3205 = 0, -2*z = -0*p - 3*p + 1926. What is the greatest common factor of 4 and p?
4
Let n = -5375 - -3758. Let z = -952 - n. What is the greatest common factor of z and 35?
35
Suppose 152 = 2*h + 2*h. Suppose -8*b + 14*b - b = 0. Suppose b = 3*j + 3*d + d - 167, -3 = 3*d. Calculate the highest common factor of h and j.
19
Let s(g) = 5*g**2 + 0*g + 22 - 2*g - 7*g - 4*g**2 + 0*g. Let r be 1/((-6)/4)*-12. Let m be s(r). What is the highest common divisor of m and 2?
2
Suppose 61*n + 72*n - 147*n + 50050 = 0. What is the highest common divisor of 845 and n?
65
Let x be (70/(-49) + 3)/((-3)/(-231)). Let t = -6 - -8. Suppose -p + x = 4*h - 0*h, 231 = t*p - 3*h. What is the greatest common factor of p and 13?
13
Let t be ((-144)/(-20))/(171/760). Let s be 46 - (1 - 2)*2. What is the greatest common divisor of t and s?
16
Suppose 108 = 5*x - 2*x. Let j be 0 + (-168)/(-18)*3. Let k(o) = 30*o - 795. Let f be k(j). Calculate the highest common factor of f and x.
9
Let a(n) = 495*n**2 - 33*n + 32. Let m be a(1). What is the greatest common divisor of m and 152?
38
Suppose -398*g = -408*g + 220. Let v(s) = s**2 - s + 110. Suppose 0 = 16*n - 17*n. Let f be v(n). Calculate the highest common divisor of g and f.
22
Let w be (1158/(-24))/(1*(-3)/12). Let q = w + -189. Calculate the highest common divisor of q and 10.
2
Let o(k) = k**3 - 2*k**2 + 6*k. Let z be o(6). Let u = -33082 - -33118. What is the greatest common divisor of z and u?
36
Let m be 1/4 + 717/12. Let v be m/(-8)*(-4)/3. Let n(w) = -75*w - 965. Let q be n(-13). Calculate the highest common divisor of q and v.
10
Suppose 1772 - 1519 = 23*g. What is the greatest common divisor of 990 and g?
11
Let t = 4906 + -4090. What is the greatest common factor of 119 and t?
17
Let c be -3*(2 - 33/9). Let w(j) = 2*j**2 - 7*j - 29. Let y be (4/5)/((-22)/(-165)). Let u be w(y). Calculate the greatest common divisor of c and u.
1
Suppose 642*x + 4*i = 650*x - 1596, -1002 = -5*x + 2*i. What is the greatest common divisor of x and 6681?
51
Let x = -1329 + 4866. What is the greatest common divisor of x and 54?
27
Let q be (-216)/15*(-20)/6. Let u = -794 + 938. Calculate the greatest common factor of u and q.
48
Let o(y) = 6*y**2 - 67*y - 905. Let n be o(-10). Suppose 35 = 3*f + 4*h, 0*f - 3*h = 2*f - 25. Calculate the highest common divisor of n and f.
5
Let a(r) = -2*r - 51. Let b be a(-28). Suppose -b*c = 2*c - 196. What is the greatest common factor of 16 and c?
4
Let p = 4256 + -4235. Let x be 2/12 - 2265/(-18). What is the highest common factor of p and x?
21
Let s = 0 - -8. Suppose -7*q + 225 = -2*q - 5*g, -3*q = -g - 125. Calculate the highest common factor of s and q.
8
Let b = -3725 + 3842. Calculate the greatest common factor of 1807 and b.
13
Let m(z) be the third derivative of z**4/3 - 191*z**3/6 - 59*z**2. Let q be m(37). What is the greatest common factor of 42 and q?
21
Suppose 3*c - 49 = 41. Let g = -189 + 282. Let i = -73 + g. What is the greatest common divisor of i and c?
10
Suppose -6*i + 7*i - 26 = 0. Let t be i/(-7 - 282/(-40)). Calculate the greatest common divisor of 40 and t.
40
Suppose -28*o = -24*o + 5*f + 2823, o - 5*f + 687 = 0. Let q be o/(-14) - (-42)/49. What is the greatest common factor of 3 and q?
3
Let c(m) = -334*m - 488. Let i be c(-2). What is the greatest common factor of 1940 and i?
20
Let g = 306 - -44. Suppose -5*l + g = -5*y, 2*l - 17*y = -13*y + 150. Calculate the greatest common divisor of l and 13.
13
Let z(l) = -2*l**3 - 107*l**2 + 11*l - 1714. Let s be z(-54). Calculate the greatest common factor of s and 28272.
304
Let l(g) = -38*g - 427. Let k be l(-21). What is the highest common factor of k and 2173?
53
Let q(l) = -3*l**3 + 9*l**2 + 8. Let g(m) = m**3 + 1. Let f(z) = 4*g(z) + q(z). Let p be f(-5). What is the highest common divisor of p and 64?
16
Let z = 24765 - 24425. Calculate the greatest common divisor of z and 640.
20
Suppose 4*c = 12 - 0. Suppose 3*l = -c*l + 1470. Calculate the greatest common divisor of 140 and l.
35
Suppose -2 = -30*a - 349 + 2147. What is the highest common factor of a and 144?
12
Let l = -1454 + 1468. What is the greatest common factor of l and 693?
7
Let c(k) = k + 40. Suppose -30 + 18 = y. Le